{"id":172,"date":"2012-07-13T22:58:49","date_gmt":"2012-07-14T05:58:49","guid":{"rendered":"https:\/\/titi.me\/comic-con\/?page_id=172"},"modified":"2012-07-21T07:31:45","modified_gmt":"2012-07-21T14:31:45","slug":"photos-breaking-bad-panel","status":"publish","type":"page","link":"https:\/\/titi.me\/comic-con\/photos-breaking-bad-panel\/","title":{"rendered":"Breaking Bad &#8211; Panel"},"content":{"rendered":"<p>Les Photos et la vid\u00e9o du Panel de Breaking Bad. S\u00e9rie diffus\u00e9e sur CBS.<\/p>\n<!-- Awesome Flickr Gallery Start --><!-- - Version - 3.5.6 - User ID - 62862532@N00 - Photoset ID - 72157630566945950 - Gallery ID -  - Group ID -  - Tags -  - Popular -  - Per Page - 24 - Sort Order - flickr - Photo Size - _s - Custom Size - 0 - Square - false - Captions - off - Description - off - Columns - 6 - Credit Note - off - Background Color - Transparent - Width - auto - Pagination - on - Slideshow - disable - Disable slideshow? - 1--><div class='afg-gallery custom-gallery-1' id='afg-1' style='background-color:Transparent; width:100%; color:; border-color:Transparent;'><div class='afg-table' style='width:100%'><div class='afg-row'><div class='afg-cell' style='width:16%;'><a    href='https:\/\/farm9.staticflickr.com\/8430\/7566154748_a25c62942a_b.jpg' title='Breaking Bad - Panel'><img class='afg-img' title='Breaking Bad - Panel' src='https:\/\/farm9.static.flickr.com\/8430\/7566154748_a25c62942a_s.jpg' alt='Breaking Bad - Panel \u2022 &lt;a style=&quot;font-size:0.8em;&quot; href=&quot;http:\/\/www.flickr.com\/photos\/62862532@N00\/7566154748\/&quot; target=&quot;_blank&quot;&gt;View on Flickr&lt;\/a&gt;'\/><\/a><\/div><div class='afg-cell' style='width:16%;'><a    href='https:\/\/farm9.staticflickr.com\/8429\/7566176586_09974457f0_b.jpg' title='Breaking Bad - Panel'><img class='afg-img' title='Breaking Bad - Panel' src='https:\/\/farm9.static.flickr.com\/8429\/7566176586_09974457f0_s.jpg' alt='Breaking Bad - Panel \u2022 &lt;a style=&quot;font-size:0.8em;&quot; href=&quot;http:\/\/www.flickr.com\/photos\/62862532@N00\/7566176586\/&quot; target=&quot;_blank&quot;&gt;View on Flickr&lt;\/a&gt;'\/><\/a><\/div><div class='afg-cell' style='width:16%;'><a    href='https:\/\/farm9.staticflickr.com\/8167\/7566147966_53cef5fb70_b.jpg' title='Breaking Bad - Panel'><img class='afg-img' title='Breaking Bad - Panel' src='https:\/\/farm9.static.flickr.com\/8167\/7566147966_53cef5fb70_s.jpg' alt='Breaking Bad - Panel \u2022 &lt;a style=&quot;font-size:0.8em;&quot; href=&quot;http:\/\/www.flickr.com\/photos\/62862532@N00\/7566147966\/&quot; target=&quot;_blank&quot;&gt;View on Flickr&lt;\/a&gt;'\/><\/a><\/div><div class='afg-cell' style='width:16%;'><a    href='https:\/\/farm9.staticflickr.com\/8283\/7566149542_f7de855192_b.jpg' title='Breaking Bad - Panel'><img class='afg-img' title='Breaking Bad - Panel' src='https:\/\/farm9.static.flickr.com\/8283\/7566149542_f7de855192_s.jpg' alt='Breaking Bad - Panel \u2022 &lt;a style=&quot;font-size:0.8em;&quot; href=&quot;http:\/\/www.flickr.com\/photos\/62862532@N00\/7566149542\/&quot; target=&quot;_blank&quot;&gt;View on Flickr&lt;\/a&gt;'\/><\/a><\/div><div class='afg-cell' style='width:16%;'><a    href='https:\/\/farm8.staticflickr.com\/7262\/7566151194_871ff2c97a_b.jpg' title='Breaking Bad - Panel'><img class='afg-img' title='Breaking Bad - Panel' src='https:\/\/farm8.static.flickr.com\/7262\/7566151194_871ff2c97a_s.jpg' alt='Breaking Bad - Panel \u2022 &lt;a style=&quot;font-size:0.8em;&quot; href=&quot;http:\/\/www.flickr.com\/photos\/62862532@N00\/7566151194\/&quot; target=&quot;_blank&quot;&gt;View on Flickr&lt;\/a&gt;'\/><\/a><\/div><div class='afg-cell' style='width:16%;'><a    href='https:\/\/farm9.staticflickr.com\/8158\/7566153088_b7fa0887d7_b.jpg' title='Breaking Bad - Panel'><img class='afg-img' title='Breaking Bad - Panel' src='https:\/\/farm9.static.flickr.com\/8158\/7566153088_b7fa0887d7_s.jpg' alt='Breaking Bad - Panel \u2022 &lt;a style=&quot;font-size:0.8em;&quot; href=&quot;http:\/\/www.flickr.com\/photos\/62862532@N00\/7566153088\/&quot; target=&quot;_blank&quot;&gt;View on Flickr&lt;\/a&gt;'\/><\/a><\/div><\/div><div class='afg-row'><div class='afg-cell' style='width:16%;'><a    href='https:\/\/farm8.staticflickr.com\/7259\/7566156812_aabb7f77a1_b.jpg' title='Breaking Bad - Panel'><img class='afg-img' title='Breaking Bad - Panel' src='https:\/\/farm8.static.flickr.com\/7259\/7566156812_aabb7f77a1_s.jpg' alt='Breaking Bad - Panel \u2022 &lt;a style=&quot;font-size:0.8em;&quot; href=&quot;http:\/\/www.flickr.com\/photos\/62862532@N00\/7566156812\/&quot; target=&quot;_blank&quot;&gt;View on Flickr&lt;\/a&gt;'\/><\/a><\/div><div class='afg-cell' style='width:16%;'><a    href='https:\/\/farm8.staticflickr.com\/7115\/7566158670_da4e356de5_b.jpg' title='Breaking Bad - Panel'><img class='afg-img' title='Breaking Bad - Panel' src='https:\/\/farm8.static.flickr.com\/7115\/7566158670_da4e356de5_s.jpg' alt='Breaking Bad - Panel \u2022 &lt;a style=&quot;font-size:0.8em;&quot; href=&quot;http:\/\/www.flickr.com\/photos\/62862532@N00\/7566158670\/&quot; target=&quot;_blank&quot;&gt;View on Flickr&lt;\/a&gt;'\/><\/a><\/div><div class='afg-cell' style='width:16%;'><a    href='https:\/\/farm9.staticflickr.com\/8429\/7566160500_72c25f0bbe_b.jpg' title='Breaking Bad - Panel'><img class='afg-img' title='Breaking Bad - Panel' src='https:\/\/farm9.static.flickr.com\/8429\/7566160500_72c25f0bbe_s.jpg' alt='Breaking Bad - Panel \u2022 &lt;a style=&quot;font-size:0.8em;&quot; href=&quot;http:\/\/www.flickr.com\/photos\/62862532@N00\/7566160500\/&quot; target=&quot;_blank&quot;&gt;View on Flickr&lt;\/a&gt;'\/><\/a><\/div><div class='afg-cell' style='width:16%;'><a    href='https:\/\/farm9.staticflickr.com\/8290\/7566162354_5e4e25728b_b.jpg' title='Breaking Bad - Panel'><img class='afg-img' title='Breaking Bad - Panel' src='https:\/\/farm9.static.flickr.com\/8290\/7566162354_5e4e25728b_s.jpg' alt='Breaking Bad - Panel \u2022 &lt;a style=&quot;font-size:0.8em;&quot; href=&quot;http:\/\/www.flickr.com\/photos\/62862532@N00\/7566162354\/&quot; target=&quot;_blank&quot;&gt;View on Flickr&lt;\/a&gt;'\/><\/a><\/div><div class='afg-cell' style='width:16%;'><a    href='https:\/\/farm9.staticflickr.com\/8166\/7566166514_773f32d964_b.jpg' title='Breaking Bad - Panel'><img class='afg-img' title='Breaking Bad - Panel' src='https:\/\/farm9.static.flickr.com\/8166\/7566166514_773f32d964_s.jpg' alt='Breaking Bad - Panel \u2022 &lt;a style=&quot;font-size:0.8em;&quot; href=&quot;http:\/\/www.flickr.com\/photos\/62862532@N00\/7566166514\/&quot; target=&quot;_blank&quot;&gt;View on Flickr&lt;\/a&gt;'\/><\/a><\/div><div class='afg-cell' style='width:16%;'><a    href='https:\/\/farm9.staticflickr.com\/8022\/7566168316_47debd7066_b.jpg' title='Breaking Bad - Panel'><img class='afg-img' title='Breaking Bad - Panel' src='https:\/\/farm9.static.flickr.com\/8022\/7566168316_47debd7066_s.jpg' alt='Breaking Bad - Panel \u2022 &lt;a style=&quot;font-size:0.8em;&quot; href=&quot;http:\/\/www.flickr.com\/photos\/62862532@N00\/7566168316\/&quot; target=&quot;_blank&quot;&gt;View on Flickr&lt;\/a&gt;'\/><\/a><\/div><\/div><div class='afg-row'><div class='afg-cell' style='width:16%;'><a    href='https:\/\/farm8.staticflickr.com\/7279\/7566170094_bbb63434e0_b.jpg' title='Breaking Bad - Panel'><img class='afg-img' title='Breaking Bad - Panel' src='https:\/\/farm8.static.flickr.com\/7279\/7566170094_bbb63434e0_s.jpg' alt='Breaking Bad - Panel \u2022 &lt;a style=&quot;font-size:0.8em;&quot; href=&quot;http:\/\/www.flickr.com\/photos\/62862532@N00\/7566170094\/&quot; target=&quot;_blank&quot;&gt;View on Flickr&lt;\/a&gt;'\/><\/a><\/div><div class='afg-cell' style='width:16%;'><a    href='https:\/\/farm8.staticflickr.com\/7117\/7566172036_e92c4fc1f4_b.jpg' title='Breaking Bad - Panel'><img class='afg-img' title='Breaking Bad - Panel' src='https:\/\/farm8.static.flickr.com\/7117\/7566172036_e92c4fc1f4_s.jpg' alt='Breaking Bad - Panel \u2022 &lt;a style=&quot;font-size:0.8em;&quot; href=&quot;http:\/\/www.flickr.com\/photos\/62862532@N00\/7566172036\/&quot; target=&quot;_blank&quot;&gt;View on Flickr&lt;\/a&gt;'\/><\/a><\/div><div class='afg-cell' style='width:16%;'><a    href='https:\/\/farm9.staticflickr.com\/8283\/7566174348_155e570bcc_b.jpg' title='Breaking Bad - Panel'><img class='afg-img' title='Breaking Bad - Panel' src='https:\/\/farm9.static.flickr.com\/8283\/7566174348_155e570bcc_s.jpg' alt='Breaking Bad - Panel \u2022 &lt;a style=&quot;font-size:0.8em;&quot; href=&quot;http:\/\/www.flickr.com\/photos\/62862532@N00\/7566174348\/&quot; target=&quot;_blank&quot;&gt;View on Flickr&lt;\/a&gt;'\/><\/a><\/div><div class='afg-cell' style='width:16%;'><a    href='https:\/\/farm9.staticflickr.com\/8285\/7566178552_fa13bcba50_b.jpg' title='Breaking Bad - Panel'><img class='afg-img' title='Breaking Bad - Panel' src='https:\/\/farm9.static.flickr.com\/8285\/7566178552_fa13bcba50_s.jpg' alt='Breaking Bad - Panel \u2022 &lt;a style=&quot;font-size:0.8em;&quot; href=&quot;http:\/\/www.flickr.com\/photos\/62862532@N00\/7566178552\/&quot; target=&quot;_blank&quot;&gt;View on Flickr&lt;\/a&gt;'\/><\/a><\/div><div class='afg-cell' style='width:16%;'><a    href='https:\/\/farm9.staticflickr.com\/8284\/7566180354_6bbdab94cc_b.jpg' title='Breaking Bad - Panel'><img class='afg-img' title='Breaking Bad - Panel' src='https:\/\/farm9.static.flickr.com\/8284\/7566180354_6bbdab94cc_s.jpg' alt='Breaking Bad - Panel \u2022 &lt;a style=&quot;font-size:0.8em;&quot; href=&quot;http:\/\/www.flickr.com\/photos\/62862532@N00\/7566180354\/&quot; target=&quot;_blank&quot;&gt;View on Flickr&lt;\/a&gt;'\/><\/a><\/div><div class='afg-cell' style='width:16%;'><a    href='https:\/\/farm9.staticflickr.com\/8431\/7566182194_709a8a1921_b.jpg' title='Breaking Bad - Panel'><img class='afg-img' title='Breaking Bad - Panel' src='https:\/\/farm9.static.flickr.com\/8431\/7566182194_709a8a1921_s.jpg' alt='Breaking Bad - Panel \u2022 &lt;a style=&quot;font-size:0.8em;&quot; href=&quot;http:\/\/www.flickr.com\/photos\/62862532@N00\/7566182194\/&quot; target=&quot;_blank&quot;&gt;View on Flickr&lt;\/a&gt;'\/><\/a><\/div><\/div><div class='afg-row'><div class='afg-cell' style='width:16%;'><a    href='https:\/\/farm8.staticflickr.com\/7268\/7566183990_324d8c1c91_b.jpg' title='Breaking Bad - Panel'><img class='afg-img' title='Breaking Bad - Panel' src='https:\/\/farm8.static.flickr.com\/7268\/7566183990_324d8c1c91_s.jpg' alt='Breaking Bad - Panel \u2022 &lt;a style=&quot;font-size:0.8em;&quot; href=&quot;http:\/\/www.flickr.com\/photos\/62862532@N00\/7566183990\/&quot; target=&quot;_blank&quot;&gt;View on Flickr&lt;\/a&gt;'\/><\/a><\/div><div class='afg-cell' style='width:16%;'><a    href='https:\/\/farm9.staticflickr.com\/8282\/7566185834_958fe346f4_b.jpg' title='Breaking Bad - Panel'><img class='afg-img' title='Breaking Bad - Panel' src='https:\/\/farm9.static.flickr.com\/8282\/7566185834_958fe346f4_s.jpg' alt='Breaking Bad - Panel \u2022 &lt;a style=&quot;font-size:0.8em;&quot; href=&quot;http:\/\/www.flickr.com\/photos\/62862532@N00\/7566185834\/&quot; target=&quot;_blank&quot;&gt;View on Flickr&lt;\/a&gt;'\/><\/a><\/div><div class='afg-cell' style='width:16%;'><a    href='https:\/\/farm8.staticflickr.com\/7270\/7566187518_1f7ea6bc8b_b.jpg' title='Breaking Bad - Panel'><img class='afg-img' title='Breaking Bad - Panel' src='https:\/\/farm8.static.flickr.com\/7270\/7566187518_1f7ea6bc8b_s.jpg' alt='Breaking Bad - Panel \u2022 &lt;a style=&quot;font-size:0.8em;&quot; href=&quot;http:\/\/www.flickr.com\/photos\/62862532@N00\/7566187518\/&quot; target=&quot;_blank&quot;&gt;View on Flickr&lt;\/a&gt;'\/><\/a><\/div><div class='afg-cell' style='width:16%;'><a    href='https:\/\/farm9.staticflickr.com\/8014\/7566189388_0d9a65cab1_b.jpg' title='Breaking Bad - Panel'><img class='afg-img' title='Breaking Bad - Panel' src='https:\/\/farm9.static.flickr.com\/8014\/7566189388_0d9a65cab1_s.jpg' alt='Breaking Bad - Panel \u2022 &lt;a style=&quot;font-size:0.8em;&quot; href=&quot;http:\/\/www.flickr.com\/photos\/62862532@N00\/7566189388\/&quot; target=&quot;_blank&quot;&gt;View on Flickr&lt;\/a&gt;'\/><\/a><\/div><div class='afg-cell' style='width:16%;'><a    href='https:\/\/farm9.staticflickr.com\/8281\/7566191132_4ab8809a45_b.jpg' title='Breaking Bad - Panel'><img class='afg-img' title='Breaking Bad - Panel' src='https:\/\/farm9.static.flickr.com\/8281\/7566191132_4ab8809a45_s.jpg' alt='Breaking Bad - Panel \u2022 &lt;a style=&quot;font-size:0.8em;&quot; href=&quot;http:\/\/www.flickr.com\/photos\/62862532@N00\/7566191132\/&quot; target=&quot;_blank&quot;&gt;View on Flickr&lt;\/a&gt;'\/><\/a><\/div><div class='afg-cell' style='width:16%;'><a    href='https:\/\/farm9.staticflickr.com\/8164\/7566192824_82dddbb30c_b.jpg' title='Breaking Bad - Panel'><img class='afg-img' title='Breaking Bad - Panel' src='https:\/\/farm9.static.flickr.com\/8164\/7566192824_82dddbb30c_s.jpg' alt='Breaking Bad - Panel \u2022 &lt;a style=&quot;font-size:0.8em;&quot; href=&quot;http:\/\/www.flickr.com\/photos\/62862532@N00\/7566192824\/&quot; target=&quot;_blank&quot;&gt;View on Flickr&lt;\/a&gt;'\/><\/a><\/div><\/div><div class='afg-row'><a style='display:none'    href='https:\/\/farm8.staticflickr.com\/7280\/7566194646_e81c7fc749_b.jpg' title='Breaking Bad - Panel'> <img class='afg-img' alt='Breaking Bad - Panel \u2022 &lt;a style=&quot;font-size:0.8em;&quot; href=&quot;http:\/\/www.flickr.com\/photos\/62862532@N00\/7566194646\/&quot; target=&quot;_blank&quot;&gt;View on Flickr&lt;\/a&gt;'  width='75' height='75'><\/a> <\/div><div class='afg-row'><a style='display:none'    href='https:\/\/farm8.staticflickr.com\/7248\/7566164454_a65e6f3766_b.jpg' title='Breaking Bad - Panel'> <img class='afg-img' alt='Breaking Bad - Panel \u2022 &lt;a style=&quot;font-size:0.8em;&quot; href=&quot;http:\/\/www.flickr.com\/photos\/62862532@N00\/7566164454\/&quot; target=&quot;_blank&quot;&gt;View on Flickr&lt;\/a&gt;'  width='75' height='75'><\/a> <\/div><div class='afg-row'><a style='display:none'    href='https:\/\/farm9.staticflickr.com\/8143\/7566146286_c84233dfb1_b.jpg' title='Breaking Bad - Panel'> <img class='afg-img' alt='Breaking Bad - Panel \u2022 &lt;a style=&quot;font-size:0.8em;&quot; href=&quot;http:\/\/www.flickr.com\/photos\/62862532@N00\/7566146286\/&quot; target=&quot;_blank&quot;&gt;View on Flickr&lt;\/a&gt;'  width='75' height='75'><\/a> <\/div><\/div><div class='afg-pagination'><br \/><br \/><font class='afg-page'>&nbsp;&#171; prev&nbsp;<\/font>&nbsp;&nbsp;&nbsp;&nbsp;<font class='afg-cur-page'> 1 <\/font>&nbsp;<a class='afg-page' href='https:\/\/titi.me\/comic-con\/wp-json\/wp\/v2\/pages\/172?afg1_page_id=2#afg-1' title='Page 2'>&nbsp;2 <\/a>&nbsp;&nbsp;&nbsp;&nbsp;<a class='afg-page' href='https:\/\/titi.me\/comic-con\/wp-json\/wp\/v2\/pages\/172?afg1_page_id=2#afg-1' title='Next Page'> next &#187; <\/a>&nbsp;<br \/>(27 Photos)<\/div><\/div><!-- Awesome Flickr Gallery End -->\n<p><iframe loading=\"lazy\" width=\"853\" height=\"480\" src=\"https:\/\/www.youtube.com\/embed\/OD09V5jz7M0?rel=0\" frameborder=\"0\" allowfullscreen><\/iframe><\/p>\n","protected":false},"excerpt":{"rendered":"<p>Les Photos et la vid\u00e9o du Panel de Breaking Bad. S\u00e9rie diffus\u00e9e sur CBS.<\/p>\n","protected":false},"author":1,"featured_media":173,"parent":0,"menu_order":0,"comment_status":"open","ping_status":"open","template":"page_wide.php","meta":{"footnotes":""},"class_list":["post-172","page","type-page","status-publish","has-post-thumbnail","hentry"],"aioseo_notices":[],"_links":{"self":[{"href":"https:\/\/titi.me\/comic-con\/wp-json\/wp\/v2\/pages\/172","targetHints":{"allow":["GET"]}}],"collection":[{"href":"https:\/\/titi.me\/comic-con\/wp-json\/wp\/v2\/pages"}],"about":[{"href":"https:\/\/titi.me\/comic-con\/wp-json\/wp\/v2\/types\/page"}],"author":[{"embeddable":true,"href":"https:\/\/titi.me\/comic-con\/wp-json\/wp\/v2\/users\/1"}],"replies":[{"embeddable":true,"href":"https:\/\/titi.me\/comic-con\/wp-json\/wp\/v2\/comments?post=172"}],"version-history":[{"count":14,"href":"https:\/\/titi.me\/comic-con\/wp-json\/wp\/v2\/pages\/172\/revisions"}],"predecessor-version":[{"id":225,"href":"https:\/\/titi.me\/comic-con\/wp-json\/wp\/v2\/pages\/172\/revisions\/225"}],"wp:featuredmedia":[{"embeddable":true,"href":"https:\/\/titi.me\/comic-con\/wp-json\/wp\/v2\/media\/173"}],"wp:attachment":[{"href":"https:\/\/titi.me\/comic-con\/wp-json\/wp\/v2\/media?parent=172"}],"curies":[{"name":"wp","href":"https:\/\/api.w.org\/{rel}","templated":true}]}}